-j. Suppose 4*v - 20*s + 21*s = 0, -5*v - s = -1. Calculate z(v).
-1
Let d(l) = -l + 14. Let c be d(7). Let j(k) be the third derivative of 1/120*k**6 + 0 + 2/3*k**3 - 5/24*k**4 + 0*k - 6*k**2 - 1/10*k**5. Calculate j(c).
18
Let y(a) = 9*a + a - 13*a - 10*a + 4*a + 13. What is y(-1)?
22
Let g be (3 - 5)*(2 + (6 - 3)). Let a be 17/((-85)/32) + 6/g. Let y(p) be the first derivative of p**4/4 + 2*p**3 - 5*p**2/2 + 6*p - 2. Determine y(a).
-8
Let w(i) = 6*i - 2. Let m(x) = 5*x - 5. Let k(h) = -1 + 7 + 2 - 7. Let r(v) = 2*k(v) + m(v). Let d(y) = -5*r(y) + 4*w(y). What is d(6)?
1
Suppose 23 = -14*r + 93. Let x(a) = 64*a - 2. Let n(u) = -32*u + 1. Let d(j) = r*n(j) + 2*x(j). What is d(-1)?
33
Suppose -6*o + 2*o - 220 = -5*j, 5*o + 304 = -j. Let p = o - -62. Let d(t) = -36*t**3 - 2*t**p - 10 - 6*t**2 + 15*t**3 + 20*t**3 - 8*t. What is d(-7)?
-3
Suppose 144 + 52 = -3*f + 4*q, -4*f - 2*q - 254 = 0. Let l be 3/(-7) + f/14. Let j be (-4 - -6) + -2 - l/1. Let x(w) = w + 4. What is x(j)?
9
Let v(w) = 2*w**2 - 9*w - 6. Suppose -10*k = 14*k + 20*k - 264. Determine v(k).
12
Let n(r) = 7*r**2 + 87*r - 40. Let h(g) = 22*g**2 + 280*g - 122. Let c(u) = 5*h(u) - 16*n(u). Determine c(12).
-162
Let j(i) = -2*i + 9*i - 7*i - i. Suppose -2*g = 3*f - 2 + 117, g + 35 = 3*f. Let x = g - -54. What is j(x)?
-4
Let s = -3220 + 3222. Let k(l) = 8*l - 8. Give k(s).
8
Let t(u) = -4*u - 78. Let w(h) = -2*h**2 + 227*h - 362. Let d be w(112). What is t(d)?
26
Let g(a) = a**2 + a - 5. Let o(l) = 218*l + 4574. Let f be o(-21). Calculate g(f).
7
Let c(j) = -4*j + 69. Let y(z) = -6*z + 71. Let i(h) = -4*c(h) + 3*y(h). Calculate i(-19).
-25
Suppose 5*v + 41 = 80 - 39. Let d(n) be the third derivative of 14*n**2 + v*n + 0 - 1/8*n**4 - 1/15*n**5 + 0*n**3. What is d(-2)?
-10
Let n(j) be the first derivative of -j**2/2 + j - 1. Let c = 237 + -181. Suppose -c + 140 = -14*i. Determine n(i).
7
Let t(n) = 4 + 11 - 25 + 6*n**2 + n**3 + 4 - 4*n. Calculate t(-7).
-27
Let p = 17 - 4. Suppose 4 = -3*r - 4*f - 25, r + p = -2*f. Let k(q) = 2*q + 0*q + 25 - q**2 - 21. Give k(r).
-11
Let f(r) = -6 + 5 - 6 + 31 + 4*r. Determine f(-8).
-8
Suppose 0 = -3*i - x - 7, x = -i - 3 - 0. Let j = 2 + i. Let c(s) be the third derivative of -s**6/120 + s**5/60 + s**3/3 - 1439*s**2 - 4. Determine c(j).
2
Let v = -3597 + 3592. Let z(i) = -i**2 - 10*i - 22. Determine z(v).
3
Let z(g) be the first derivative of g**3/3 + 2*g**2 - 5*g + 58391. Let j(p) = p**3 + 4*p**2 + p. Let x be j(-4). Calculate z(x).
-5
Let f(r) be the second derivative of -4*r**3/3 - 4*r**2 + 35*r - 13. What is f(-5)?
32
Let b(d) = -24 - 35 + 2*d + 71 - 5*d + 4*d. Calculate b(7).
19
Suppose 171*s - 172*s = -5*v - 58, -6*s + 78 = -3*v. Let x(a) = 55*a + 551. Determine x(v).
1
Let a(c) = 3*c**2 - 3*c + 3. Suppose 216 = -2*j + 8*j. Suppose 19*x - j = -17*x. Calculate a(x).
3
Let u(a) = a - 14. Let n(r) = -244 + 230 + 12*r**2 - 11*r + r**3 - 4*r. Let h be n(-13). Let y be h/7*(-35)/(-10). Determine u(y).
-8
Let f(x) = -x**2 - 15*x + 6. Let j(v) = v**2 + 15*v - 5. Let g(r) = 3*f(r) + 4*j(r). Let s(b) be the first derivative of g(b). Calculate s(-11).
-7
Let a(n) be the third derivative of n**2 + 0*n**3 + 0*n + 1/12*n**4 - 238 + 1/12*n**5 + 1/120*n**6. Let v(c) = c + 2. Let f be v(-6). What is a(f)?
8
Let d(f) = f + 137. Let r(s) = 6*s + 264. Let l(y) = -5*d(y) + 3*r(y). Give l(-9).
-10
Let m(i) = -7*i - 542 + 1088 + i**2 - 543. Suppose -z + j + 18 = 0, 4*z - z = -5*j + 14. Let q = z + -6. Determine m(q).
3
Let i(d) = d**3 + 11*d**2 + 5. Suppose 0 = -4*v + 3*f + f + 1096, -4*v + 1072 = 2*f. Suppose 0 = -33*s - v - 93. Determine i(s).
5
Let l(r) = -24 - 695*r - 647*r - 13 + 1332*r. Give l(-2).
-17
Let r(a) be the second derivative of 5/6*a**3 + 3 + a**2 + a. Calculate r(-4).
-18
Let d(q) = -q**3 + 42*q**2 - 79*q - 41. Let g be (-1)/12*-18 - (-3)/(-6)*-77. Give d(g).
-1
Let x be 10/((-40)/28) + (-6747)/(-936). Let n(l) be the third derivative of 0 - 3*l + l**3 + x*l**4 - 6*l**2. What is n(-5)?
-19
Let y(x) = -3 + 2 + 20*x + 4 - 2 - 21*x. Let u(v) = -1 + 2*v**3 + 0*v - 2*v + 0*v**3. Let r be u(-1). What is y(r)?
2
Let o(u) be the first derivative of -u**4/4 - 2*u**3 - 3*u**2 - 6*u + 2. Suppose -518*t - 1038*t - 16005 = -49*t + 1694*t. Give o(t).
-1
Let o(d) = -10*d + 65. Let r = -26843 - -26848. What is o(r)?
15
Let k(v) = 4*v - 4. Let p(a) = -2*a + 2. Let m(q) = -4*k(q) - 3*p(q). Determine m(1).
0
Let o(d) = -2*d**2 + 7*d - 2. Let f be o(3). Let w(y) = 30*y + 1. Let u(s) = -101*s - 4. Let i(a) = -u(a) - 3*w(a). Give i(f).
12
Let s(u) = -u**2 + 5*u - 7. Let w = -2460 + 2457. Determine s(w).
-31
Let n(d) = -4*d**3 - 70*d**2 + 18*d + 5. Let k(t) = 9*t**3 + 150*t**2 - 39*t - 9. Let z(a) = -6*k(a) - 13*n(a). Calculate z(5).
-11
Let f(m) = -m**2 + 10*m - 6. Let s = 42 - 45. Let q = 7 - s. Determine f(q).
-6
Let n(q) be the third derivative of -5/12*q**4 - 51*q**2 + 0*q**3 + 0*q + 0. Determine n(-1).
10
Suppose 27*k = 28*k + 10. Let x(a) be the third derivative of a**4/24 + 2*a**3/3 - 334*a**2. What is x(k)?
-6
Let i(q) be the second derivative of -q**5/20 + 5*q**4/12 - q**3/3 - q**2 + q. Let s(z) = -19*z**2 + 80*z - 11. Let t be s(4). Give i(t).
-12
Let f(o) = 3*o**3 + 9*o - 10 + 15*o**2 - 7*o**2 + 4*o**2 - 2*o**3. Let w = -1710 + 1699. What is f(w)?
12
Let y(m) = -39 + 8 + 17 + 8 + 8 + 13*m. What is y(-1)?
-11
Let q(h) = 2*h + 35. Let p be q(-16). Suppose p*b = 2*b + 2. Let f(c) be the second derivative of 5*c**3/6 - c**2 - 13*c. Give f(b).
8
Let u(l) = l**3 - 5*l**2 - 4*l - 5. Let x be u(6). Let o(t) = -x - 8 + 7 - t + 0. What is o(-5)?
-3
Let u(n) = 2*n + 3. Suppose 14*c = -24614 + 24544. Calculate u(c).
-7
Let z(s) = s**2 + 9*s + 7. Let p(f) = -5*f**2 - 48*f - 38. Let n(u) = -2*p(u) - 11*z(u). Calculate n(3).
-19
Let y(t) be the second derivative of -t**4/6 - t**3/2 - t**2 + 24*t. Suppose -72*o = -75*o + 9. Determine y(o).
-29
Let b(a) = 4*a**2 + 48*a + 95. Let m(l) = -l**2 - 7*l + 1. Let h(i) = b(i) + 3*m(i). Determine h(-23).
6
Let j(y) = 2*y**2 + 16 - 2421572*y + 2421575*y - 5*y**2. Calculate j(-3).
-20
Let a be (-2 - -1) + -2 + -2. Let s be (-54 + 0)/(0 + a - -3). Let v(d) = -39*d + 27. Let p(q) = -3*q + 2. Let f(o) = s*p(o) - 2*v(o). Give f(2).
-6
Let l(a) = -9*a + 64 - 38 - 18. Give l(4).
-28
Let x(w) = -w + 18. Suppose 256 = 11*d - 3*d. Let a(r) = r**3 - 34*r**2 + 65*r - 21. Let l be a(d). Give x(l).
7
Let z(m) = -12*m - 44. Suppose 9 = 3*k, 2*g + 2*k = 58 - 62. Calculate z(g).
16
Let i(t) = -t**2 - 8*t + 24. Suppose 448*r = 450*r + 20. What is i(r)?
4
Let u(z) = 3*z**3 + 3*z**2 - 6*z - 3. Let y(n) = 4*n + 1. Let r(i) = -u(i) - 3*y(i). What is r(-2)?
24
Let l(m) = m - 2. Suppose 0 = u + 3*u. Suppose u = -2*t - 6, -5*t - 1 - 26 = -2*a. Suppose 0 = 4*x - 3*x - a. Calculate l(x).
4
Let b(h) be the first derivative of -h**4/4 + 4*h**3/3 + 3*h**2 + 6*h + 436. Suppose 4*t - 9 = 3*t - 3*y, y = 3*t - 17. Give b(t).
-30
Let n(p) = 2 + 4*p**2 + 8*p + 7*p**2 - 4*p - 15*p**2 + 3*p**2. Suppose 4*t + 14 = -3*c, -4*t + 3*c - 28 = -c. Let h be (-7 - t) + 10/2. Give n(h).
5
Let i(h) = 2*h - 3. Suppose 4*k + 81 = 53. Let c be 10/(-1) + 6 - k. What is i(c)?
3
Let t(x) be the first derivative of x**3/6 - 3*x**2/2 + 8*x - 24. Let j(g) be the first derivative of t(g). Calculate j(-5).
-8
Let o(w) = w**2 - 19*w + 37. Let z be o(17). Let a(g) = -4*g**2 + 5*g**2 + 14400*g**3 - 14392*g**z. Determine a(-1).
-7
Let w be (0 + -3)*-1*51/153. Let r(z) = -16075*z + 6 - w + 16076*z. What is r(-12)?
-7
Let z(m) = -269159 - 13*m**2 + m**3 + m + 269167 - 3*m. Calculate z(13).
-18
Let w(t) = 41*t**2 - 5*t - 7. Let s be 1/(-2 - (-5 + -7) - 8)*-2. Calculate w(s).
39
Let f(d) = -4*d - 1. Let b(j) = -3*j**3 + 5*j**2 + j + 11. Let z be b(3). Let p(o) = o**3 + 23*o**2 + 20*o - 42. Let y be p(z). What is f(y)?
-9
Let v(u) = u**3 + 7*u**2 + 6*u + 6. Let h be (26/(-4))/((-19)/456). Let f = h + -163. Calculate v(f).
-36
Let n(z) = -1228*z**3 + 15*z + 1225*z**3 - 14*z. What is n(2)?
-22
Let f(j) be the second derivative of 3*j**5/10 + j**3/6 - j**2 - 1459*j. What is f(1)?
5
Let q(p) = -68 - 14*p**2 - 45 + 130 + 125*p. Give q(9).
8
Let l(b) = b**3 - 15*b - 6*b - 8 + b + b**2 + 18*b. Determine l(2).
0
Let a(i) be the first derivative of i**4/4 + 13*i**3/3 - 13*i**2/2 + 11*i - 8. Let x(r) = 2*r**2